?
2
Let q be (5 - 8) + (2 - -5). Suppose 31 = 3*c + 4*a - 7, q*a + 46 = 3*c. Let z = c - 11. What is the units digit of z?
3
Let i(a) = -a**2. Suppose 0 = 4*g + 4*r - 12, -3*g + 3*r - 13 = -2*g. Let q(d) = 6*d**2 - 5*d + 1. Let j(x) = g*q(x) - 5*i(x). What is the units digit of j(2)?
5
Let d = 9 - 13. Let b(g) = -3*g - 5. Let n(v) = -v + 3. Let o(l) = b(l) + 4*n(l). What is the tens digit of o(d)?
3
Let d = 869 - 205. What is the units digit of d?
4
Suppose 3*t + 0*t = -108. Let q(a) = 3*a**2 + 11*a - 18. Let z be q(-5). What is the units digit of z/2 + 1 - t?
8
Suppose 4*j = 2*j + 3*q - 11, j = -3*q + 17. Suppose j*p + 282 = 3*o + o, 2*o - 144 = 2*p. What is the units digit of o?
9
Let n be (2/4)/(6/(-12)). Let a be (-48)/2 + 3/n. What is the tens digit of a/(21/(-12) + 1)?
3
Let h(k) = 16*k**3 - 16*k**2 + 19*k + 4. Let i(d) = 5*d**3 - 5*d**2 + 6*d + 1. Let y(m) = 2*h(m) - 7*i(m). What is the tens digit of y(-4)?
5
Let g(j) = -j - 1. Let b be g(-1). Let c(u) = u**3 + 3*u**2 - 2. Let h be c(1). Suppose b = h*p - 11 - 49. What is the tens digit of p?
3
Let h(m) = 2*m + 5. Let a be h(-4). Let l(j) = 26 + 23 + 2*j**2 + 4*j**2 - 52. What is the units digit of l(a)?
1
Let w be ((-2)/2 - -12)/(-1). Let r(s) = -s**3 - 11*s**2 + 2. Let x be r(w). Suppose t - 82 = -3*v, x*t = -0*v + 2*v - 68. What is the tens digit of v?
2
Suppose 26*r - 18 = 20*r. Suppose -2*v + 5*z + 533 = 147, 579 = r*v + 3*z. What is the hundreds digit of v?
1
Let x(g) be the second derivative of -5*g**3/6 - 7*g**2/2 + 4*g. Let m be x(8). Let b = 72 + m. What is the units digit of b?
5
Suppose 2*y - 174 = -x, 0*x + x = -2. Suppose 2*s = 3*s - y. Suppose 2*l - s = -4*c, -4*c - 10 = c. What is the units digit of l?
8
Suppose k - 5306 = -4*l, 0 = -2*l + 13*k - 15*k + 2650. What is the hundreds digit of l?
3
Suppose 2*u - 7 = -x, -4 = -3*x - 2*u + 5. Suppose 6*v - 5*v - x = 0. What is the tens digit of -1 + (32*1 - v)?
3
Let v = -34 + 30. What is the units digit of (-17)/((-1)/v*-2)?
4
Let z be ((-4)/10)/(6/(-240)). Let v = -13 + z. Suppose -21 = -v*q + 90. What is the tens digit of q?
3
Suppose 13 = -4*x - 19. Let d be (-105)/(-6) - 4/x. Let q = 34 - d. What is the units digit of q?
6
Let r(b) = 16*b + 1. Let i be r(6). Let p(o) = -2*o**2 + 12*o - 14. Let n be p(4). Suppose 5*s = i - n. What is the units digit of s?
9
Suppose -3*v - 3*d + 612 = 0, 0 = 5*d + 25. Suppose -4*m = -3*a + 122, 0 = 5*a - m - 0*m - v. What is the units digit of a?
2
Let p = -42 + 34. Let b(x) = -x - 4. Let r be b(p). Suppose 200 = m + r*m. What is the units digit of m?
0
Suppose -34*z + 39*z - 3870 = -2*u, z = 3*u + 757. What is the units digit of z?
2
Let g be (30/18)/((-1)/6*-2). Suppose -3*j + 152 - g = 0. What is the units digit of j?
9
Suppose 71*f - 12 = 69*f. Suppose 0 = 5*m + l - f*l - 90, -3*m = 2*l - 79. What is the units digit of m?
3
Suppose -2 = -u, 3*z = -2*u - 2*u + 1643. What is the tens digit of z?
4
Suppose 0 = -h + 2*h + 17. Let x = h + 43. What is the tens digit of x?
2
Suppose 3*r = 2*q + 896, 3*r + 4*q = 4*r - 302. Let x = r + -686. What is the tens digit of x/(-14) + 22/77?
2
Let u = 13 + -31. Let p be 2/3*(-27)/u. What is the units digit of ((-9 + 0)*-1)/p?
9
Let b(g) = 6*g**2 - g - 4. Let c be b(-2). Suppose 2*d + 4 = l + 2*l, -5*l - d = -24. Suppose 0 = 2*q - l - c. What is the tens digit of q?
1
Let u(n) = n**2 + 12*n + 12. Let d(o) = -o**3 - 11*o**2 - 2*o - 8. Let g be d(-11). Suppose 10*z = g*z + 48. What is the units digit of u(z)?
2
Let d(b) = b**2 + 9*b + 9. Let h be d(-8). Suppose 4*v - 6 - 2 = 0. Suppose -r = 3*q - 20, 5*r = -v*q + 23 - h. What is the units digit of q?
6
Let l(x) be the third derivative of x**5/12 - x**4/12 - x**3/6 + x**2 - 196. Let b be -1 - (1 + 0 + 0). What is the units digit of l(b)?
3
Let i be (-2)/(1 + 40/(-44)). Let f = 14 - i. What is the units digit of f?
6
Let w = -2269 + 3987. What is the thousands digit of w?
1
Let s(x) = -391*x**3 - x**2 - 2*x. Let b be s(-1). Let y = -235 + b. What is the hundreds digit of y?
1
Let r(l) = -l**3 - l**2 + 4*l - 7. Let t be r(-3). What is the tens digit of -2 + 202/(t - -3)?
9
Suppose x = -133 + 456. What is the tens digit of x?
2
Let h be 4/((4/47)/(-2)). Suppose 5*v + 3*k = -k + 736, 4*k - 16 = 0. Let o = v + h. What is the tens digit of o?
5
What is the hundreds digit of (-100)/(-30)*(476 - 2)?
5
Suppose 0 = 2*g - 4, 3*g = 4*n - 11 - 3. Suppose -5*z + 154 + 19 = s, z - 769 = -n*s. What is the hundreds digit of s?
1
Let g(c) = -3*c + 4*c - 3 - 3*c + c. Let t be g(3). Let p = 15 + t. What is the units digit of p?
9
Suppose 5*q = 2*s - 1380, 0*s - 4*s + 2730 = 5*q. What is the units digit of s?
5
Let s(b) be the second derivative of -b**3/3 - 17*b**2 - 12*b. What is the units digit of s(-20)?
6
Let k be (-104)/(-65)*30/4. Let y = k + -41. Let g = 46 + y. What is the tens digit of g?
1
Suppose -5*w + 71 = -3*w + 5*n, 5*n - 15 = 0. What is the units digit of w?
8
Let k = -19 - -36. Suppose k*f + 200 = 19*f. Suppose -2*w + 3*g - 5*g = -f, -3*w + g + 146 = 0. What is the tens digit of w?
4
Let z(a) = 21*a**3 - 8*a**2 + 6*a + 10. What is the thousands digit of z(4)?
1
Suppose 3*q = 2*q + 5. Suppose -q*m + 79 = 19. Let l = m + -9. What is the units digit of l?
3
Let r = 17 + -31. Suppose 5*p + 5*d = 105, 5*d + 110 - 25 = 5*p. Let w = p + r. What is the units digit of w?
5
Let u = -35 - -39. Suppose -c + q = -4*q - 29, 0 = -c - u*q - 7. What is the units digit of c?
9
Let n = -736 + 1032. What is the tens digit of n?
9
Let o = -917 + 1617. What is the hundreds digit of o?
7
Let p(r) = -16*r - 10. Let c be p(-5). Let a = c - 49. What is the units digit of a?
1
Let c = 383 + 237. What is the units digit of c?
0
What is the tens digit of (9 - 22227/(-9))/(8/12)?
1
Let y(z) = 12*z - 8. Let r be 8/6 + 14/3. What is the units digit of y(r)?
4
Let x(d) = 1 - 3 + 0 + d - 6*d. Let t be x(-4). Suppose -t*y - 100 = -23*y. What is the tens digit of y?
2
Let m(f) be the first derivative of 23*f**3/3 - f**2 - f + 5. Let y be m(-1). Let i = 40 - y. What is the units digit of i?
6
Let h = 65 - 61. Suppose -h*n + 940 = -52. What is the tens digit of n?
4
Let a(s) be the second derivative of 5*s**4/12 + 3*s**3/2 + 27*s**2/2 - 18*s. What is the units digit of a(-5)?
7
Suppose 3*w - 8 = -4*n + 4, -n - 2*w + 8 = 0. Let x be 20/9 + 4/(-18). Suppose n = -x*l - 10, b - 24 = -l - 0. What is the units digit of b?
9
Let n(q) = -5*q**3 + 7*q**2 + q - 1. What is the units digit of n(-5)?
4
Let b(f) = f**2 - 8. Let j be b(4). Suppose 12 = j*t - 4*t. Suppose 5*u + t*r - 188 = 0, u - 2*r - 109 = -2*u. What is the tens digit of u?
3
Suppose -2*p + 8 = -0*p. What is the tens digit of 0/p + (-62)/(-2)?
3
Suppose 5*t + 0*t - 5*q + 5 = 0, -4*q - 4 = 0. What is the units digit of (-1)/t*-10 - -47?
2
Let v(c) = -106*c - 194. What is the tens digit of v(-5)?
3
Suppose 21*f - 5385 - 5577 = 0. What is the tens digit of f?
2
Suppose -5*j = 5*q + 65, 4*q + 0*j = -2*j - 42. Let g = 5 + q. What is the units digit of (g - 0)/(6/(-76))?
8
Suppose -d = -5*b + d + 164, 4*d + 40 = b. What is the units digit of b?
2
Let y(k) = -k**3 - 17*k**2 - 17*k - 22. Let g be y(-16). Let u be 3 + (0/2 - g). Let t = u - 5. What is the units digit of t?
4
Let v = -43 - -120. Let h = -105 - -61. Let y = h + v. What is the units digit of y?
3
Let t = 293 + -165. Suppose 0 = 3*x - 49 - t. Suppose 0 = -5*n + 3*k + x + 117, k = -3*n + 100. What is the units digit of n?
4
Suppose 5*v = 4*v - 15. What is the tens digit of (-6)/(-27)*v/(-10)*141?
4
Suppose -2*o - 3 - 14 = -5*w, 3*w = o + 9. What is the units digit of (-86)/o*2*(5 + -2)?
6
Let j be 657/12 - (-3)/12. Let h = -23 + j. What is the tens digit of h?
3
Let g = 29 + -29. Suppose 0 = -k - g*i + 2*i + 171, -k - 2*i = -191. What is the units digit of k?
1
Suppose 9*z - 5*z = 292. Suppose 0 = 2*s - s - z. What is the units digit of s?
3
Let v(n) = 7*n - 2. Let j(s) = -6*s + 3. Let y(z) = -3*j(z) - 2*v(z). What is the tens digit of y(4)?
1
What is the hundreds digit of ((-1)/(-2))/(4/15552*3)?
6
Suppose 12*o + 2008 = 16*o. What is the tens digit of o?
0
Let h be 6 - (2 + (3 - (4 - 0))). Suppose 3*c - 239 - 82 = -2*b, -822 = -h*b - c. What is the tens digit of b?
6
Let a(i) = i + 11. Let s be a(-6). Suppose 3*w - 4*w + s = 0, 5*z - 310